{"id":14,"date":"2023-02-20T18:43:59","date_gmt":"2023-02-20T18:43:59","guid":{"rendered":"https:\/\/sherlock-watson.de\/das-laecheln-im-spiegel\/?page_id=14"},"modified":"2023-03-14T14:14:03","modified_gmt":"2023-03-14T14:14:03","slug":"das-laecheln-im-spiegel","status":"publish","type":"page","link":"https:\/\/sherlock-watson.de\/das-laecheln-im-spiegel\/","title":{"rendered":"Das L\u00e4cheln im Spiegel"},"content":{"rendered":"\t\t<div data-elementor-type=\"wp-page\" data-elementor-id=\"14\" class=\"elementor elementor-14\">\n\t\t\t\t\t\t\t\t\t<section class=\"elementor-section elementor-top-section elementor-element elementor-element-27d66b5 elementor-section-boxed elementor-section-height-default elementor-section-height-default\" data-id=\"27d66b5\" data-element_type=\"section\">\n\t\t\t\t\t\t<div class=\"elementor-container elementor-column-gap-default\">\n\t\t\t\t\t<div class=\"elementor-column elementor-col-100 elementor-top-column elementor-element elementor-element-905c180\" data-id=\"905c180\" data-element_type=\"column\">\n\t\t\t<div class=\"elementor-widget-wrap elementor-element-populated\">\n\t\t\t\t\t\t\t\t<div class=\"elementor-element elementor-element-b0cd6fc elementor-widget elementor-widget-image\" data-id=\"b0cd6fc\" data-element_type=\"widget\" data-widget_type=\"image.default\">\n\t\t\t\t<div class=\"elementor-widget-container\">\n\t\t\t<style>\/*! elementor - v3.11.1 - 15-02-2023 *\/\n.elementor-widget-image{text-align:center}.elementor-widget-image a{display:inline-block}.elementor-widget-image a img[src$=\".svg\"]{width:48px}.elementor-widget-image img{vertical-align:middle;display:inline-block}<\/style>\t\t\t\t\t\t\t\t\t\t\t\t<img loading=\"lazy\" decoding=\"async\" width=\"768\" height=\"512\" src=\"https:\/\/sherlock-watson.de\/das-laecheln-im-spiegel\/wp-content\/uploads\/2023\/02\/Wortmarke_AlternativeKaufmUnd-768x512.png\" class=\"attachment-medium_large size-medium_large wp-image-46\" alt=\"\" srcset=\"https:\/\/sherlock-watson.de\/das-laecheln-im-spiegel\/wp-content\/uploads\/2023\/02\/Wortmarke_AlternativeKaufmUnd-768x512.png 768w, https:\/\/sherlock-watson.de\/das-laecheln-im-spiegel\/wp-content\/uploads\/2023\/02\/Wortmarke_AlternativeKaufmUnd-300x200.png 300w, https:\/\/sherlock-watson.de\/das-laecheln-im-spiegel\/wp-content\/uploads\/2023\/02\/Wortmarke_AlternativeKaufmUnd-1024x683.png 1024w, https:\/\/sherlock-watson.de\/das-laecheln-im-spiegel\/wp-content\/uploads\/2023\/02\/Wortmarke_AlternativeKaufmUnd-1536x1024.png 1536w, https:\/\/sherlock-watson.de\/das-laecheln-im-spiegel\/wp-content\/uploads\/2023\/02\/Wortmarke_AlternativeKaufmUnd-2048x1365.png 2048w\" sizes=\"auto, (max-width: 768px) 100vw, 768px\" \/>\t\t\t\t\t\t\t\t\t\t\t\t\t\t\t<\/div>\n\t\t\t\t<\/div>\n\t\t\t\t\t<\/div>\n\t\t<\/div>\n\t\t\t\t\t\t\t<\/div>\n\t\t<\/section>\n\t\t\t\t<section class=\"elementor-section elementor-top-section elementor-element elementor-element-7b5a009 elementor-section-boxed elementor-section-height-default elementor-section-height-default\" data-id=\"7b5a009\" data-element_type=\"section\">\n\t\t\t\t\t\t<div class=\"elementor-container elementor-column-gap-default\">\n\t\t\t\t\t<div class=\"elementor-column elementor-col-50 elementor-top-column elementor-element elementor-element-c672a7d\" data-id=\"c672a7d\" data-element_type=\"column\">\n\t\t\t<div class=\"elementor-widget-wrap elementor-element-populated\">\n\t\t\t\t\t\t\t\t<div class=\"elementor-element elementor-element-f542c2d elementor-widget elementor-widget-spacer\" data-id=\"f542c2d\" data-element_type=\"widget\" data-widget_type=\"spacer.default\">\n\t\t\t\t<div class=\"elementor-widget-container\">\n\t\t\t<style>\/*! elementor - v3.11.1 - 15-02-2023 *\/\n.elementor-column .elementor-spacer-inner{height:var(--spacer-size)}.e-con{--container-widget-width:100%}.e-con-inner>.elementor-widget-spacer,.e-con>.elementor-widget-spacer{width:var(--container-widget-width,var(--spacer-size));--align-self:var(--container-widget-align-self,initial);--flex-shrink:0}.e-con-inner>.elementor-widget-spacer>.elementor-widget-container,.e-con-inner>.elementor-widget-spacer>.elementor-widget-container>.elementor-spacer,.e-con>.elementor-widget-spacer>.elementor-widget-container,.e-con>.elementor-widget-spacer>.elementor-widget-container>.elementor-spacer{height:100%}.e-con-inner>.elementor-widget-spacer>.elementor-widget-container>.elementor-spacer>.elementor-spacer-inner,.e-con>.elementor-widget-spacer>.elementor-widget-container>.elementor-spacer>.elementor-spacer-inner{height:var(--container-widget-height,var(--spacer-size))}<\/style>\t\t<div class=\"elementor-spacer\">\n\t\t\t<div class=\"elementor-spacer-inner\"><\/div>\n\t\t<\/div>\n\t\t\t\t<\/div>\n\t\t\t\t<\/div>\n\t\t\t\t<div class=\"elementor-element elementor-element-5419d0d elementor-widget elementor-widget-text-editor\" data-id=\"5419d0d\" data-element_type=\"widget\" data-widget_type=\"text-editor.default\">\n\t\t\t\t<div class=\"elementor-widget-container\">\n\t\t\t<style>\/*! elementor - v3.11.1 - 15-02-2023 *\/\n.elementor-widget-text-editor.elementor-drop-cap-view-stacked .elementor-drop-cap{background-color:#818a91;color:#fff}.elementor-widget-text-editor.elementor-drop-cap-view-framed .elementor-drop-cap{color:#818a91;border:3px solid;background-color:transparent}.elementor-widget-text-editor:not(.elementor-drop-cap-view-default) .elementor-drop-cap{margin-top:8px}.elementor-widget-text-editor:not(.elementor-drop-cap-view-default) .elementor-drop-cap-letter{width:1em;height:1em}.elementor-widget-text-editor .elementor-drop-cap{float:left;text-align:center;line-height:1;font-size:50px}.elementor-widget-text-editor .elementor-drop-cap-letter{display:inline-block}<\/style>\t\t\t\t<p><span style=\"font-size: 20px;\">Gebt in das Feld unten die L\u00f6sung des Kapitels ein, bei dem ihr gerade seid. Achtet dabei auch auf die Gro\u00df- und Kleinschreibung. Wenn eure Antwort korrekt ist, werdet ihr automatisch zur Audiospur weitergeleitet, die ihr freigeschaltet habt.<br \/>Hinweis: Die Seite zum Eingeben der L\u00f6sung ist immer dieselbe. Ihr k\u00f6nnt sie euch also auch abspeichern, um sie beim n\u00e4chsten R\u00e4tsel schneller aufzurufen.<\/span><\/p>\t\t\t\t\t\t<\/div>\n\t\t\t\t<\/div>\n\t\t\t\t<div class=\"elementor-element elementor-element-443ba79 elementor-widget elementor-widget-spacer\" data-id=\"443ba79\" data-element_type=\"widget\" data-widget_type=\"spacer.default\">\n\t\t\t\t<div class=\"elementor-widget-container\">\n\t\t\t\t\t<div class=\"elementor-spacer\">\n\t\t\t<div class=\"elementor-spacer-inner\"><\/div>\n\t\t<\/div>\n\t\t\t\t<\/div>\n\t\t\t\t<\/div>\n\t\t\t\t<div class=\"elementor-element elementor-element-8880d92 elementor-widget elementor-widget-html\" data-id=\"8880d92\" data-element_type=\"widget\" data-widget_type=\"html.default\">\n\t\t\t\t<div class=\"elementor-widget-container\">\n\t\t\t<!DOCTYPE html>\n<html lang=\"de\">\n\n<head>\n    <meta charset=\"UTF-8\">\n    <meta http-equiv=\"X-UA-Compatible\" content=\"IE=edge\">\n    <meta name=\"viewport\" content=\"width=device-width, initial-scale=1.0\">\n    <title>L\u00f6sungsabfrage<\/title>\n<\/head>\n\n<body>\n    <div class=\"terminal-box\">\n        <input id=' abfrage' type='text' onkeydown='if (event.keyCode == 13) {response()}'\n            placeholder=\"L\u00f6sung eingeben...\">\n        <div class='buttonBox'>\n            <button id=\"PruefButton1\" onclick=\"{response()}\">&#10140; <br><\/button>\n        <\/div>\n    <\/div>\n    <br>\n    <p id='textablauf'> <br> <\/p>\n<\/body>\n<script>\n    kapitel1 = {\n        '4153': ' ',\n    };\n    kapitel2 = {\n        'Francis': ' ',\n        'francis': ' ',\n    };\n    kapitel3 = {\n        'DebtCollect': ' ',\n        'debtcollect': ' ',\n    };\n    kapitel4 = {\n        '03:40': ' ',\n    };\n    kapitel5 = {\n        'The Dove': ' ',\n        'the dove': ' ',\n    };\n    kapitel6 = {\n        '42': ' ',\n        '42 Minuten': ' ',\n        '42 minuten': ' ',\n    };\n    kapitel7 = {\n        'Catherine Steel': ' ',\n        'catherine steel': ' ',\n    };\n    kapitel8 = {\n        'Waterloo': ' ',\n        'waterloo': ' ',\n    };\n    kapitel9 = {\n        'John Purwaith': ' ',\n        'john purwaith': ' ',\n    };\n    kapitel10 = {\n        'Zahida Khan': ' ',\n        'zahida khan': ' ',\n    };\n    kapitel11 = {\n        'Fiona Francis': ' ',\n        'fiona francis': ' ',\n    };\n    kapitel12 = {\n        '0041 22 6101337': ' ',\n        '0041226101337': ' ',\n    };\n    kapitel13 = {\n        'Sphinx': ' ',\n        'sphinx': ' ',\n    };\n    kapitel14 = {\n        'S. 72': ' ',\n        '72': ' ',\n    };\n    function response() {\n\n        let benutzer = document.getElementById(' abfrage').value;\n\n        document.getElementById(' abfrage').value = '';\n\n\n        if (benutzer in kapitel1) {\n\n            document.location.href = 'https:\/\/sherlock-watson.de\/das-laecheln-im-spiegel\/4153-2\/';\n\n        }\n        else if (benutzer in kapitel2) {\n\n            document.location.href = 'https:\/\/sherlock-watson.de\/das-laecheln-im-spiegel\/francis\/';\n\n        }\n        else if (benutzer in kapitel3) {\n\n            document.location.href = 'https:\/\/sherlock-watson.de\/das-laecheln-im-spiegel\/debtcollect\/';\n\n        }\n        else if (benutzer in kapitel4) {\n\n            document.location.href = 'https:\/\/sherlock-watson.de\/das-laecheln-im-spiegel\/0340-2\/';\n\n        }\n        else if (benutzer in kapitel5) {\n\n            document.location.href = 'https:\/\/sherlock-watson.de\/das-laecheln-im-spiegel\/the-dove\/';\n\n        }\n        else if (benutzer in kapitel6) {\n\n            document.location.href = 'https:\/\/sherlock-watson.de\/das-laecheln-im-spiegel\/42-minuten\/';\n\n        }\n        else if (benutzer in kapitel7) {\n\n            document.location.href = 'https:\/\/sherlock-watson.de\/das-laecheln-im-spiegel\/catherine-steel\/';\n\n        }\n        else if (benutzer in kapitel8) {\n\n            document.location.href = 'https:\/\/sherlock-watson.de\/das-laecheln-im-spiegel\/waterloo\/';\n\n        }\n        else if (benutzer in kapitel9) {\n\n            document.location.href = 'https:\/\/sherlock-watson.de\/das-laecheln-im-spiegel\/john-purwaith\/';\n\n        }\n        else if (benutzer in kapitel10) {\n\n            document.location.href = 'https:\/\/sherlock-watson.de\/das-laecheln-im-spiegel\/zahida-khan\/';\n\n        }\n        else if (benutzer in kapitel11) {\n\n            document.location.href = 'https:\/\/sherlock-watson.de\/das-laecheln-im-spiegel\/fiona-francis\/';\n\n        }\n        else if (benutzer in kapitel12) {\n\n            document.location.href = 'https:\/\/sherlock-watson.de\/das-laecheln-im-spiegel\/0041-22-6101337\/';\n\n        }\n        else if (benutzer in kapitel13) {\n\n            document.location.href = 'https:\/\/sherlock-watson.de\/das-laecheln-im-spiegel\/sphinx\/';\n\n        }\n        else if (benutzer in kapitel14) {\n\n            document.location.href = 'https:\/\/sherlock-watson.de\/das-laecheln-im-spiegel\/s-72\/';\n\n        }\n        else {\n\n            document.getElementById('textablauf').innerHTML = 'Diese L\u00f6sung ist leider falsch. Versucht es weiter!<br>';\n        }\n\n    }\n<\/script>\n\n<\/html>\t\t<\/div>\n\t\t\t\t<\/div>\n\t\t\t\t\t<\/div>\n\t\t<\/div>\n\t\t\t\t<div class=\"elementor-column elementor-col-50 elementor-top-column elementor-element elementor-element-a733ca4\" data-id=\"a733ca4\" data-element_type=\"column\">\n\t\t\t<div class=\"elementor-widget-wrap elementor-element-populated\">\n\t\t\t\t\t\t\t\t<div class=\"elementor-element elementor-element-d09b3fd elementor-widget elementor-widget-image\" data-id=\"d09b3fd\" data-element_type=\"widget\" data-widget_type=\"image.default\">\n\t\t\t\t<div class=\"elementor-widget-container\">\n\t\t\t\t\t\t\t\t\t\t\t\t\t\t\t<img loading=\"lazy\" decoding=\"async\" width=\"1365\" height=\"2048\" src=\"https:\/\/sherlock-watson.de\/das-laecheln-im-spiegel\/wp-content\/uploads\/2023\/02\/639998364_Feindaten-1365x2048.png\" class=\"attachment-2048x2048 size-2048x2048 wp-image-165\" alt=\"\" srcset=\"https:\/\/sherlock-watson.de\/das-laecheln-im-spiegel\/wp-content\/uploads\/2023\/02\/639998364_Feindaten-1365x2048.png 1365w, https:\/\/sherlock-watson.de\/das-laecheln-im-spiegel\/wp-content\/uploads\/2023\/02\/639998364_Feindaten-200x300.png 200w, https:\/\/sherlock-watson.de\/das-laecheln-im-spiegel\/wp-content\/uploads\/2023\/02\/639998364_Feindaten-683x1024.png 683w, https:\/\/sherlock-watson.de\/das-laecheln-im-spiegel\/wp-content\/uploads\/2023\/02\/639998364_Feindaten-768x1152.png 768w, https:\/\/sherlock-watson.de\/das-laecheln-im-spiegel\/wp-content\/uploads\/2023\/02\/639998364_Feindaten-1024x1536.png 1024w, https:\/\/sherlock-watson.de\/das-laecheln-im-spiegel\/wp-content\/uploads\/2023\/02\/639998364_Feindaten.png 1856w\" sizes=\"auto, (max-width: 1365px) 100vw, 1365px\" \/>\t\t\t\t\t\t\t\t\t\t\t\t\t\t\t<\/div>\n\t\t\t\t<\/div>\n\t\t\t\t\t<\/div>\n\t\t<\/div>\n\t\t\t\t\t\t\t<\/div>\n\t\t<\/section>\n\t\t\t\t\t\t\t<\/div>\n\t\t","protected":false},"excerpt":{"rendered":"<p>Gebt in das Feld unten die L\u00f6sung des Kapitels ein, bei dem ihr gerade seid. Achtet dabei auch auf die Gro\u00df- und Kleinschreibung. Wenn eure Antwort korrekt ist, werdet ihr automatisch zur Audiospur weitergeleitet, die ihr freigeschaltet habt.Hinweis: Die Seite zum Eingeben der L\u00f6sung ist immer dieselbe. Ihr k\u00f6nnt sie euch also auch abspeichern, um [&hellip;]<\/p>\n","protected":false},"author":1,"featured_media":0,"parent":0,"menu_order":0,"comment_status":"closed","ping_status":"closed","template":"","meta":{"footnotes":""},"class_list":["post-14","page","type-page","status-publish","hentry"],"_links":{"self":[{"href":"https:\/\/sherlock-watson.de\/das-laecheln-im-spiegel\/wp-json\/wp\/v2\/pages\/14","targetHints":{"allow":["GET"]}}],"collection":[{"href":"https:\/\/sherlock-watson.de\/das-laecheln-im-spiegel\/wp-json\/wp\/v2\/pages"}],"about":[{"href":"https:\/\/sherlock-watson.de\/das-laecheln-im-spiegel\/wp-json\/wp\/v2\/types\/page"}],"author":[{"embeddable":true,"href":"https:\/\/sherlock-watson.de\/das-laecheln-im-spiegel\/wp-json\/wp\/v2\/users\/1"}],"replies":[{"embeddable":true,"href":"https:\/\/sherlock-watson.de\/das-laecheln-im-spiegel\/wp-json\/wp\/v2\/comments?post=14"}],"version-history":[{"count":220,"href":"https:\/\/sherlock-watson.de\/das-laecheln-im-spiegel\/wp-json\/wp\/v2\/pages\/14\/revisions"}],"predecessor-version":[{"id":590,"href":"https:\/\/sherlock-watson.de\/das-laecheln-im-spiegel\/wp-json\/wp\/v2\/pages\/14\/revisions\/590"}],"wp:attachment":[{"href":"https:\/\/sherlock-watson.de\/das-laecheln-im-spiegel\/wp-json\/wp\/v2\/media?parent=14"}],"curies":[{"name":"wp","href":"https:\/\/api.w.org\/{rel}","templated":true}]}}